ab + a?
-6a1
In base 12, what is 13a015 + -2?
13a013
In base 8, what is -77 - -500?
401
In base 2, what is 1 - -11000110010?
11000110011
In base 9, what is -166 - 423?
-600
In base 8, what is -41 + -46307?
-46350
In base 12, what is 66297 - 4?
66293
In base 5, what is -123323 + -10404?
-134232
In base 5, what is 134410 - -102?
140012
In base 15, what is 334 + 4d?
382
In base 3, what is 21211211 + -12?
21211122
In base 8, what is 14771 + 1?
14772
In base 3, what is 2122222 + -11121?
2111101
In base 2, what is 10001110111000111 - -1001?
10001110111010000
In base 8, what is 52450 - -3?
52453
In base 6, what is -234252 + -3?
-234255
In base 2, what is 110111 - -110000000010?
110000111001
In base 8, what is -2361 - -15214?
12633
In base 13, what is -28485 + -4?
-28489
In base 3, what is 120011 - -1222?
122010
In base 6, what is -3222 - 3502?
-11124
In base 4, what is 23 + 13123021?
13123110
In base 12, what is -92 + -11a?
-1b0
In base 4, what is -133312032 - 1?
-133312033
In base 11, what is 9540 + 2?
9542
In base 9, what is 23 + 7582?
7615
In base 12, what is -9 + -305a8?
-305b5
In base 11, what is -10a + a61?
952
In base 14, what is 77 - -6c1d?
6c96
In base 7, what is -4334 - 10?
-4344
In base 9, what is -6 + -118283?
-118300
In base 10, what is -5 - -328671?
328666
In base 8, what is 3 + -726?
-723
In base 8, what is 22 - 2027?
-2005
In base 14, what is -1 - 4117?
-4118
In base 5, what is -12242 + -14104?
-31401
In base 6, what is 1 + -10015404?
-10015403
In base 9, what is 30 - -586?
626
In base 5, what is 420311 - 311?
420000
In base 6, what is 11542 + 12?
11554
In base 13, what is 212b85 + 1?
212b86
In base 6, what is -3 + 24541?
24534
In base 9, what is 5101 + -423?
4567
In base 2, what is 11100010111000 - 100?
11100010110100
In base 12, what is 18ab3a - 4?
18ab36
In base 4, what is -11 + -30021003?
-30021020
In base 4, what is 21 + 331?
1012
In base 14, what is -b + -639dc?
-63a09
In base 4, what is -21002 + 2?
-21000
In base 14, what is 37 + -8?
2d
In base 13, what is 32 - -17?
49
In base 2, what is -101010 - 100000001?
-100101011
In base 12, what is -41448 - -3?
-41445
In base 11, what is a376 - a?
a367
In base 16, what is 6 - -b0f?
b15
In base 9, what is 0 + -1513?
-1513
In base 8, what is -214 + -72773?
-73207
In base 3, what is 1011210010 + 0?
1011210010
In base 5, what is 1 - -4231312?
4231313
In base 3, what is 22 - -10022112?
10022211
In base 7, what is -40364434 - -5?
-40364426
In base 7, what is 111025 - 152?
110543
In base 16, what is -f3497 - -5?
-f3492
In base 3, what is 1120020100112 - 11?
1120020100101
In base 5, what is 0 - -2420414?
2420414
In base 5, what is -11 - -123012?
123001
In base 14, what is 39 - 182?
-147
In base 15, what is 2a - 2776?
-274b
In base 12, what is -474 - -29b?
-195
In base 3, what is 2 + -1102102220?
-1102102211
In base 15, what is 5 - 33e7?
-33e2
In base 10, what is 43 + -40024?
-39981
In base 2, what is 10001 + 110010110?
110100111
In base 4, what is 10 + 2232131?
2232201
In base 12, what is -4 - 8a536?
-8a53a
In base 11, what is -13 - 2003?
-2016
In base 6, what is 30 + -203?
-133
In base 3, what is 11 + -220211112?
-220211101
In base 9, what is 2850 + 127?
3077
In base 3, what is 10011 + -2221200?
-2211112
In base 7, what is 542 - -1?
543
In base 6, what is -54102 + 13?
-54045
In base 2, what is 100 + 100101000101001?
100101000101101
In base 4, what is 1213122 - 32?
1213030
In base 9, what is -164116 + 10?
-164106
In base 15, what is 0 + -5e262?
-5e262
In base 14, what is -b1 - -142?
71
In base 10, what is 8158 + 4?
8162
In base 4, what is -1 - -111333230?
111333223
In base 14, what is -4 - -1c14a?
1c146
In base 11, what is -528 - -2785?
2258
In base 11, what is 11170 + 0?
11170
In base 7, what is 525 + 10?
535
In base 13, what is 88 - -cc7?
1082
In base 15, what is 9 + cb18?
cb22
In base 14, what is -5 + -d00?
-d05
In base 6, what is 14432 - -45?
14521
In base 4, what is -121323 + 220?
-121103
In base 15, what is 3 - 209c8?
-209c5
In base 6, what is 3041 + 5?
3050
In base 5, what is -103431032 - 3?
-103431040
In base 10, what is 0 + -98154?
-98154
In base 5, what is -1230044 + 10?
-1230034
In base 4, what is 130323201 + -2?
130323133
In base 5, what is 122 + 23430?
24102
In base 11, what is 1292680 - 4?
1292677
In base 7, what is -1115 + -1111?
-2226
In base 14, what is 120 - -42?
162
In base 11, what is -2a51 - -53?
-29a9
In base 4, what is 21 - 212033?
-212012
In base 11, what is -331 - 1a7?
-528
In base 14, what is 5d5 + -c?
5c7
In base 5, what is -242 - 224?
-1021
In base 7, what is -10 + 15402?
15362
In base 10, what is 0 - 3836?
-3836
In base 4, what is 0 - -33002120?
33002120
In base 7, what is -61 - -5445?
5354
In base 15, what is -45 + 38e?
349
In base 7, what is -30445 - 2?
-30450
In base 9, what is -1 + 12326?
12325
In base 16, what is -9 + 1519?
1510
In base 7, what is 1244522 + 5?
1244530
In base 9, what is 5 + -1432861?
-1432855
In base 11, what is 440 + -283?
168
In base 2, what is -10 - 11111000111101?
-11111000111111
In base 16, what is -6 - 6193?
-6199
In base 6, what is 10525 - 11?
10514
In base 15, what is 17 + 1c94?
1cab
In base 2, what is 10111 + 1011010000011?
1011010011010
In base 15, what is 378c - 5?
3787
In base 14, what is 21d369 - 1?
21d368
In base 10, what is 322 - -162?
484
In base 4, what is -1020120312 + 11?
-1020120301
In base 14, what is 15 + 83c?
853
In base 6, what is -50 + -12322?
-12412
In base 3, what is -20102100101 + -10?
-20102100111
In base 4, what is -20 + -33313?
-33333
In base 16, what is -e65 + 3?
-e62
In base 4, what is 1012310 - 11013?
1001231
In base 14, what is -60 + 4?
-5a
In base 5, what is -2100 - -2323?
223
In base 4, what is 3 + 21010113?
21010122
In base 6, what is 4 + -4440140?
-4440132
In base 12, what is 51b2 - -4?
51b6
In base 12, what is 1761 - 8a?
1693
In base 9, what is -8 - -87631?
87622
In base 2, what is -10101111000011 - 100?
-10101111000111
In base 7, what is 35 - 53401?
-53333
In base 11, what is -57283 + -22?
-572a5
In base 11, what is -5826 + -27?
-5852
In base 8, what is 10 + -12537?
-12527
In base 16, what is -1 - 85e65?
-85e66
In base 6, what is 2 + -1530511?
-1530505
In base 14, what is 4a97 + d?
4aa6
In base 3, what is -21100111 + 102011?
-20221100
In base 7, what is -465 + 260?
-205
In base 9, what is 3 + -54612?
-54608
In base 10, what is 120180 - -6?
120186
In base 10, what is -44714 + 82?
-44632
In base 11, what is 4a0 - -27?
517
In base 15, what is 38 + a280?
a2b8
In base 14, what is 1 - b5605?
-b5604
In base 16, what is -498 - 2e?
-4c6
In base 6, what is 21 - -24411?
24432
In base 16, what is -168e + -d?
-169b
In base 9, what is 1 + 30315?
30316
In base 16, what is 19 + -33?
-1a
In base 14, what is 4 + -b6990?
-b698a
In base 2, what is -11010 + -10101111110100011?
-10101111110111101
In base 8, what is 1327475 - -2?
1327477
In base 10, what is 53 - 1643?
-1590
In base 12, what is 1159a5 - -1?
1159a6
In base 3, what is -2201220212220 - -12?
-2201220212201
In base 2, what is -1 + -1001000110101101?
-1001000110101110
In base 10, what is 3 + -3409?
-3406
In base 15, what is 1202 + 9?
120b
In base 7, what is -110223266 + 0?
-110223266
In base 15, what is 3883 - 42?
3841
In base 12, what is 125aa + 49?
12637
In base 14, what is 899 + 15?
8b0
In base 4, what is -110110003 + 21?
-110103322
In base 16, what is -1 - -30e6?
30e5
In base 12, what is 96116 - 2?
96114
In base 3, what is 1201202 + -1212000?
-10021
In base 16, what is -1899 + c?
-188d
In base 15, what is b + d86?
d92
In base 2, what is 10001000101110001 - -11?
10001000101110100
In base 7, what is 22 + 1566?
1621
In base 8, what is -11430 + 35?
-11373
In base 5, what is 100040 + -2320?
42220
In base 12, what is -1457 - -6?
-1451
In base 9, what is -3821 + -22?
-3843
In base 7, what is 3 - -60263?
60266
In base 15, what is -71 + -744?
-7b5
In base 15, what is -77a615 + -5?
-77a61a
In base 12, what is -92 - 226?
-2b8
In base 7, what is -14263 + 5?
-14255
In base 13, what is -3001 - 8?
-3009
In base 2, what is 111101101101 + -110?
111101100111
In base 13, what is 11 + 12256?
12267
In base 16, what is -990b + 1?
-990a
In base 2, what is -100 + -10000011001001000?
-10000011001001100
In base 5, what is -1 + -1233221?
-1233222
In base 9, what is 18 - 14758?
-14740
I